1?
1889, 229759
List the prime factors of 78778683.
3, 599, 4871
What are the prime factors of 221395357?
221395357
What are the prime factors of 5300101296?
2, 3, 7, 1752679
List the prime factors of 538829969.
241, 2235809
List the prime factors of 215641106.
2, 37, 59, 49391
List the prime factors of 121344219.
3, 13482691
What are the prime factors of 4784873627?
59, 4919, 16487
What are the prime factors of 65269142?
2, 19, 1717609
What are the prime factors of 253560069?
3, 7, 281, 14323
What are the prime factors of 560319642?
2, 3, 2903, 10723
List the prime factors of 31458597.
3, 307, 34157
What are the prime factors of 6886172437?
6886172437
What are the prime factors of 4949153878?
2, 2474576939
What are the prime factors of 14949933?
3, 107, 46573
What are the prime factors of 102855218?
2, 23, 283, 7901
List the prime factors of 184189165.
5, 36837833
List the prime factors of 647447443.
1759, 368077
List the prime factors of 76536027.
3, 599, 14197
What are the prime factors of 1715257820?
2, 5, 85762891
List the prime factors of 570415440.
2, 3, 5, 7, 263, 1291
What are the prime factors of 66975916?
2, 7, 2391997
List the prime factors of 2326849.
7, 491, 677
List the prime factors of 52230868.
2, 17, 768101
List the prime factors of 208313082.
2, 3, 11572949
List the prime factors of 53206606.
2, 107, 109, 2281
What are the prime factors of 1069441804?
2, 577, 463363
List the prime factors of 454124296.
2, 2503, 22679
What are the prime factors of 1749341649?
3, 11, 4819123
What are the prime factors of 288174497?
13, 17, 191, 6827
What are the prime factors of 327786968?
2, 40973371
List the prime factors of 645047180.
2, 5, 32252359
List the prime factors of 332431734.
2, 3, 55405289
List the prime factors of 203739029.
13, 15672233
List the prime factors of 14588440.
2, 5, 23, 101, 157
What are the prime factors of 4125029905?
5, 1049, 786469
What are the prime factors of 5493806?
2, 1283, 2141
List the prime factors of 471689598.
2, 3, 107, 149, 4931
What are the prime factors of 169754197?
17, 29, 103, 3343
List the prime factors of 26799712.
2, 29, 28879
What are the prime factors of 53801754?
2, 3, 8966959
List the prime factors of 561175779.
3, 187058593
List the prime factors of 291596725.
5, 7, 53, 149, 211
List the prime factors of 5416016196.
2, 3, 17, 19, 41, 173, 197
List the prime factors of 68120317.
53, 1285289
List the prime factors of 161679418.
2, 17, 37, 128521
List the prime factors of 46258452.
2, 3, 47591
What are the prime factors of 113056536?
2, 3, 19, 13049
What are the prime factors of 6064859?
2203, 2753
List the prime factors of 371653317.
3, 7, 5899259
List the prime factors of 1938724493.
1938724493
List the prime factors of 338988054.
2, 3, 151, 374159
What are the prime factors of 252979631?
317, 798043
List the prime factors of 60031366.
2, 373, 80471
List the prime factors of 203059319.
203059319
List the prime factors of 570042202.
2, 37, 7703273
List the prime factors of 250091480.
2, 5, 1877, 3331
List the prime factors of 55060728.
2, 3, 683, 3359
List the prime factors of 666292896.
2, 3, 1217, 1901
What are the prime factors of 457562497?
7, 17, 67, 57389
List the prime factors of 2339378647.
2339378647
List the prime factors of 660408670.
2, 5, 1723, 38329
List the prime factors of 103943478.
2, 3, 17323913
What are the prime factors of 84910830?
2, 3, 5, 2830361
List the prime factors of 113316927.
3, 37772309
List the prime factors of 17611223.
7, 37, 97, 701
What are the prime factors of 135378950?
2, 5, 7, 181, 2137
What are the prime factors of 7290097848?
2, 3, 11, 23, 53, 839
What are the prime factors of 113241105?
3, 5, 587, 1429
List the prime factors of 1658469227.
9173, 180799
What are the prime factors of 496936219?
13, 389, 7559
List the prime factors of 164106823.
164106823
List the prime factors of 208464114.
2, 3, 34744019
What are the prime factors of 2266229884?
2, 59, 9602669
List the prime factors of 22444132.
2, 167, 33599
What are the prime factors of 285861897?
3, 19, 1671707
List the prime factors of 67010231.
67010231
What are the prime factors of 257605553?
19, 67, 202361
What are the prime factors of 681948096?
2, 3, 3551813
What are the prime factors of 1544134628?
2, 386033657
What are the prime factors of 975361301?
149, 6546049
List the prime factors of 5093697155.
5, 5807, 175433
What are the prime factors of 51286422?
2, 3, 11, 97, 8011
What are the prime factors of 141714590?
2, 5, 29, 61, 8011
List the prime factors of 214057511.
31, 2111, 3271
List the prime factors of 1553841180.
2, 3, 5, 8632451
List the prime factors of 347491742.
2, 13, 13365067
List the prime factors of 284268823.
19, 499, 29983
What are the prime factors of 747742082?
2, 47, 169249
List the prime factors of 3024842390.
2, 5, 29, 10430491
List the prime factors of 234442.
2, 13, 71, 127
List the prime factors of 388506786.
2, 3, 64751131
List the prime factors of 109117287.
3, 1347127
List the prime factors of 85970753.
11, 7815523
What are the prime factors of 1433372616?
2, 3, 13, 19, 80599
List the prime factors of 17265471.
3, 19, 302903
What are the prime factors of 11162494?
2, 7, 113903
What are the prime factors of 30345902?
2, 157, 96643
What are the prime factors of 222756181?
71, 947, 3313
List the prime factors of 1064720464.
2, 66545029
List the prime factors of 2243912682.
2, 3, 11, 79, 607, 709
What are the prime factors of 5441727882?
2, 3, 906954647
List the prime factors of 166743086.
2, 59, 1413077
List the prime factors of 109876742.
2, 233, 235787
List the prime factors of 366091226.
2, 17, 761, 14149
What are the prime factors of 139774024?
2, 13, 673, 1997
List the prime factors of 1029878353.
7, 147125479
What are the prime factors of 258695274?
2, 3, 2213, 19483
What are the prime factors of 245151465?
3, 5, 13, 881, 1427
List the prime factors of 895745515.
5, 7, 631, 40559
What are the prime factors of 1760377460?
2, 5, 88018873
What are the prime factors of 12298910?
2, 5, 13, 89, 1063
What are the prime factors of 3188022880?
2, 5, 7, 79, 137, 263
List the prime factors of 1239642471.
3, 413214157
List the prime factors of 101203931.
101203931
List the prime factors of 301656883.
11, 317, 86509
List the prime factors of 74947781.
17, 4408693
What are the prime factors of 456604708?
2, 7, 16307311
What are the prime factors of 9016191609?
3, 3005397203
What are the prime factors of 59078073?
3, 61, 449, 719
List the prime factors of 85227973.
163, 522871
List the prime factors of 20217290.
2, 5, 2021729
What are the prime factors of 736973454?
2, 3, 7, 197, 89071
List the prime factors of 48262063.
389, 124067
What are the prime factors of 33062752?
2, 109, 9479
What are the prime factors of 57307398?
2, 3, 23, 415271
What are the prime factors of 1177529169?
3, 392509723
List the prime factors of 93200023.
7, 53, 229, 1097
List the prime factors of 645518991.
3, 13, 1273213
List the prime factors of 3629043.
3, 11, 4073
List the prime factors of 42726601.
37, 137, 8429
List the prime factors of 1898743.
7, 11, 24659
List the prime factors of 476263266.
2, 3, 79377211
What are the prime factors of 7967323?
7, 13, 87553
List the prime factors of 2049325138.
2, 7, 20911481
What are the prime factors of 1049228430?
2, 3, 5, 1033, 33857
What are the prime factors of 1232207626?
2, 13, 1103, 42967
What are the prime factors of 666826906?
2, 333413453
What are the prime factors of 1103641013?
31, 35601323
List the prime factors of 3905232478.
2, 7, 3137, 12703
What are the prime factors of 18795609?
3, 7, 298343
List the prime factors of 40813532.
2, 17, 41, 14639
What are the prime factors of 2399740978?
2, 17, 4151801
List the prime factors of 7800056912.
2, 257, 1896901
List the prime factors of 163754361.
3, 173, 105173
List the prime factors of 322508769.
3, 11, 61, 131, 1223
What are the prime factors of 220466662?
2, 13, 2411, 3517
List the prime factors of 9686285471.
9686285471
List the prime factors of 5389806522.
2, 3, 23, 39056569
List the prime factors of 77360907.
3, 13, 127, 15619
List the prime factors of 49904997.
3, 1123, 14813
List the prime factors of 1942520812.
2, 173, 2807111
What are the prime factors of 18855916?
2, 29, 53,